divided by 10?
2
Let j = 6914 - 5719. What is the remainder when j is divided by 171?
169
Let b = 2228 + -1910. What is the remainder when b is divided by 70?
38
Let d = -5158 - -5305. What is the remainder when 471 is divided by d?
30
What is the remainder when 962 is divided by (-2)/6*(-18900)/450?
10
Let l = 838 - 194. What is the remainder when l is divided by 217?
210
Suppose 278*t - 300*t = -4004. What is the remainder when 902 is divided by t?
174
Let i = 6015 + -5713. What is the remainder when 892 is divided by i?
288
Suppose 5*b = -2*q + 116, 291*q + 4*b - 67 = 290*q. Let s be 57/2 - (-1)/2. Let f = s + -14. What is the remainder when q is divided by f?
13
Suppose l - 65 = 112*s - 111*s, 248 = 4*l - s. Calculate the remainder when 75 is divided by l.
14
Calculate the remainder when (-17856)/(-7) - (-267)/1869 is divided by 22.
21
Suppose 76*c + 52*c = 3634 - 16178. Let u be -300*(2 + (-8)/5). Let g = c - u. What is the remainder when 36 is divided by g?
14
Suppose 6*w - 63 - 115 = 2. What is the remainder when 87 is divided by w?
27
Let s(g) = 221*g - 1013. What is the remainder when s(6) is divided by 13?
1
Suppose -3*w + 1 = 2*s, -17 = w + 10*s - 5*s. Let x be -6*1/(-4)*6. Let b = x - 7. What is the remainder when w is divided by b?
1
Let b(c) = 21*c**2 + 57*c - 584. What is the remainder when b(25) is divided by 18?
16
Calculate the remainder when 680 is divided by 19 + ((-84)/(-63) - 2/12*8).
15
Suppose -165*s = -163*s - 18. What is the remainder when 13 is divided by s?
4
Let x = -5704 + 5740. What is the remainder when 183 is divided by x?
3
Suppose 125*b - 27630 - 870 = 0. What is the remainder when b is divided by 65?
33
Let t = -11392 - -12215. Calculate the remainder when t is divided by 820.
3
Let q(d) = -6*d + 84. Let f be q(-27). Suppose -8*w = -82 - f. What is the remainder when w is divided by 7?
6
Suppose 0 = -b - 3*t + 1213, -727*b - 5*t = -725*b - 2425. Calculate the remainder when b is divided by 599.
12
Let f = 377874 + -377748. Suppose 0 = 4*m - 0*m - 172. Calculate the remainder when f is divided by m.
40
Let y be (-1 - (2 + -4))*-27. Let q be (-6837)/(-129) - -1*3. Let b = q + y. Calculate the remainder when b is divided by 3.
2
Let d = -55 + 82. Let c = 36914 - 36900. Calculate the remainder when d is divided by c.
13
Let b(c) = -3*c**3 + 19*c**2 - 13*c + 20. Calculate the remainder when 84 is divided by b(3).
13
Let a = 90 - 70. Let c be (-8)/(-24)*(1 - -137). Suppose -n + 50 = -c. What is the remainder when n is divided by a?
16
Let a = 139 - 102. Suppose 0 = -2*h - 4*b + 6 + 36, 92 = 4*h + 4*b. Suppose 0 = -2*z + h + 1. What is the remainder when a is divided by z?
11
Let k be (-12)/(-114) + (-146140)/(-76). Suppose 3*z - k = 3*l, z - 2*l = 5*z - 2540. Calculate the remainder when z is divided by 71.
69
Suppose -4*q - 144 = -4*x - 1208, -1056 = -4*q + 2*x. Let f = q - 248. Calculate the remainder when 82 is divided by f.
12
Let x be 421*(0 - (-3)/6)*2. Let a = 504 - x. What is the remainder when 911 is divided by a?
81
Suppose -3*c - 4*a = -141, 4*c = 7*c - 5*a - 114. Suppose 4*n - q - 9 - 22 = 0, 0 = -4*n + 5*q + c. What is the remainder when n is divided by 7?
0
What is the remainder when 49 + 116 + (-8 - -1) is divided by 76?
6
Let k(t) = t**3 - 12*t**2 + 13*t - 11. Suppose -3*r + 41 = -25. Suppose -b = -3*b + r. Calculate the remainder when 29 is divided by k(b).
7
What is the remainder when 27/(6/(-2))*(187/(-51) + -17) is divided by 13?
4
Suppose -4*m - 85 = m. Let t = -18 - m. Calculate the remainder when 97 is divided by ((-5)/(-3) + t/6)*22.
31
Suppose 0 = 82*i - 79*i + z - 139, -5*z - 133 = -3*i. Suppose 7*y = 6*y + i. Calculate the remainder when 274 is divided by y.
44
Suppose -2*i = 175*b - 176*b - 24, 0 = i + 6*b + 40. Suppose 0 = -3*u - 2*d, 7 = 4*u - d - 4. What is the remainder when i is divided by u?
0
Let j(c) = -2*c - 9. Let d be j(-7). Suppose -d*y + 65 = -0*y. Calculate the remainder when 2/(-8)*2*(-55 - -9) is divided by y.
10
Suppose -356*r - 400 = -376*r. Calculate the remainder when 699 is divided by r.
19
Suppose -4*a + 2 = -18. Suppose -3*o - 4*v + 47 = 0, -a*o + 4*v = -v - 20. What is the remainder when 35 is divided by o?
8
Let i = -88 + 139. Let d = -11 + 25. What is the remainder when -1 + (-4 - -7) + i is divided by d?
11
Suppose -2542*q = -2544*q - 2*y + 4452, -q - 3*y + 2220 = 0. Calculate the remainder when q is divided by 68.
53
What is the remainder when (-37030)/(-175) + 5*(-6)/(-75) is divided by 38?
22
Let i(o) = -138*o + 462. Calculate the remainder when 123 is divided by i(3).
27
Let d(t) = t + 43. Let l be (-115836)/245 - (18/(-10) + 2). What is the remainder when d(0) is divided by l/(-22) - (-4)/8?
21
Let k = -175 - -189. Calculate the remainder when 93 is divided by (-5 + 3)/((-1)/k).
9
Let j = 3625 + -2281. Let p = j + -919. Suppose -7*g + 2*g = -p. What is the remainder when g is divided by 22?
19
Let x = -25 - -81. Let l = -254460 + 254478. Calculate the remainder when x is divided by l.
2
Suppose 121*r = -118*r + 85*r + 5698. What is the remainder when 190 is divided by r?
5
Calculate the remainder when 130 is divided by 96 - 60 - (1 - -2).
31
Suppose 26*x + 11195 = 30253. What is the remainder when x is divided by 38?
11
Let n(u) = -8*u + 346. Let d be n(0). Suppose 22 + d = 8*m. What is the remainder when m is divided by 16?
14
Let v(n) = -547*n**3 - 4*n**2 - 2*n + 8. What is the remainder when v(-2) is divided by 175?
172
Let l = -34237 - -36518. Calculate the remainder when l is divided by 752.
25
Suppose 5*c - c - 175 = -5*a, 5*c = -3*a + 92. Calculate the remainder when 28/(-21) + 12826/66 is divided by a.
37
Let m(l) = l**3 - 32*l**2 - 22*l - 208. Let i be m(33). Suppose 15*b - 4*j = 14*b + 37, j + i = 3*b. What is the remainder when b is divided by 4?
1
Suppose -3*g = -528 - 24. Let f = g + -115. Suppose 71 = 10*i - f. What is the remainder when i is divided by 3?
2
Calculate the remainder when -19 - 1203/(-63) - (-140194)/21 is divided by 18.
16
Let l be 15/9 + 1/3. Suppose 3*q - 9*m + 13*m - 41 = 0, -q + l = -m. Let j = -10 - -24. Calculate the remainder when j is divided by q.
0
Let b(l) = 517*l - 1360. What is the remainder when 375 is divided by b(3)?
184
Suppose -130 = 5*z - 5*d, 86 = -5*z - d - 44. Let f = z + 24. Calculate the remainder when 86 is divided by 603/21 - f/7.
28
Let a = 1212 - 1169. Calculate the remainder when 403 is divided by a.
16
Suppose -38*k = 108*k - 56502. What is the remainder when k is divided by 15?
12
Suppose -n + 9 - 7 = w, -w + 20 = -5*n. Calculate the remainder when 217 is divided by -3*(3 + 97/n - -5).
71
Let l = 1 + 2. Let f(w) = 2*w**2 + 6*w + 4. Let b be f(-2). Suppose b = -5*u + 5*t + 35, -23 = -4*u + 2*t - 3*t. What is the remainder when u is divided by l?
0
Let t = -5363 - -5478. Calculate the remainder when 676 is divided by t.
101
Let p be (48/(-14))/(8/(-28)). Let g(q) = 13*q - 114. Suppose 5*u - 70 = 5*n, -2*u - n = -4*n - 26. Calculate the remainder when g(p) is divided by u.
10
Let q be 7/(-1) + 12 + 309. Let g = q - 291. What is the remainder when 503 is divided by g?
20
Suppose -12*j - 400 = -37*j. Suppose -j*a + 18*a = 20. What is the remainder when 42 is divided by a?
2
Let b = -95 - -150. Let z = b - 38. Suppose -2*n - 114 + 120 = 0, -2*j + 2*n = -160. Calculate the remainder when j is divided by z.
15
Suppose -r = -16 + 7. Let o(x) = 15*x - 25. Let l(t) = -6*t**3 - 3*t**2 + t + 2. Let z be l(-1). What is the remainder when o(z) is divided by r?
8
Calculate the remainder when 9599/12 - (-45)/540 is divided by 138.
110
Suppose 0 = -s - b + 136, s - 27*b + 24*b = 132. What is the remainder when s is divided by (0 - -2)*376/16?
41
Let i = -333 - -312. Let z(u) = u**2 + 24*u + 113. Calculate the remainder when z(i) is divided by 1/(-3*(-2)/162).
23
Suppose 7*v - 6*v = 6*v - 90. What is the remainder when 17063 is divided by v?
17
Let r be 69/(4 - 20/8). Suppose r = -77*c + 79*c. What is the remainder when 114 is divided by c?
22
Let d(i) = -552*i + 571. Calculate the remainder when 34 is divided by d(1).
15
What is the remainder when 427/(-366) - (-14677)/6 is divided by 36?
33
Let l(q) = q**3 - 6*q**2 - 30*q - 10. Let v = -168 + 178. Calculate the remainder when l(v) is divided by 28.
6
Let x 